3*t**2 - 920*t + 2385. Give r(304).
-47
Let i(j) = 4596*j - 1061695. Calculate i(231).
-19
Let n(v) = -5390*v + 21420. Calculate n(4).
-140
Let r(g) = -2*g**3 - 3*g**2 + 115*g + 333. Calculate r(-3).
15
Let y(o) = 3*o**2 + 1476*o + 24232. Determine y(-17).
7
Let b(q) = 3*q**2 + 39*q - 15431. Give b(66).
211
Let a(l) = 23*l**2 - l - 1239. Determine a(11).
1533
Let k(t) = -3631*t - 116139. Calculate k(-32).
53
Let u(c) = -2830*c + 73617. What is u(26)?
37
Let v(s) = s**3 - 6*s**2 - 881*s + 723. Give v(32).
-845
Let k(x) = 5*x**2 - 302*x - 424097. Calculate k(323).
2
Let x(q) = -31*q**2 + 110*q + 74. Determine x(-5).
-1251
Let s(i) = -i**2 - 445*i - 13604. Determine s(-35).
746
Let h(f) = -f**3 + 15*f**2 + 184577*f - 2952974. What is h(16)?
2
Let q(j) = j**3 + 143*j**2 - 19*j - 1004. Calculate q(-143).
1713
Let d(t) = 283*t + 10942. Calculate d(-36).
754
Let j(x) = -31028*x - 1303358. Determine j(-42).
-182
Let n(s) = -s**2 - 1210*s - 87164. Give n(-77).
77
Let z(d) = -d**3 + 24*d**2 - 51*d - 10. Give z(3).
26
Let b(h) = 11*h**2 + 2249*h + 1047. Give b(-204).
27
Let m(f) = 1595*f - 64433. Determine m(45).
7342
Let q(j) = j**3 + 269*j**2 - 1648*j - 474. Give q(-275).
-1024
Let q(i) = 2018506*i - 18166555. Calculate q(9).
-1
Let v(y) = 52640*y + 263178. Calculate v(-5).
-22
Let a(d) = -10*d**2 - 154020*d - 14. Calculate a(0).
-14
Let k(m) = -m**2 + 126*m - 3820. What is k(85)?
-335
Let m(b) = -14*b**2 + 478*b - 486. What is m(34)?
-418
Let v(r) = 32*r**3 + r**2 - 13*r + 8. Calculate v(3).
842
Let y(a) = -a**2 + 6948*a - 8560536. Give y(1601).
11
Let j(p) = 36396*p - 473143. Calculate j(13).
5
Let w(v) = 49*v - 266. Give w(-22).
-1344
Let u(m) = 3*m**3 + 306*m**2 - 313*m - 272. What is u(-103)?
140
Let s(p) = -639*p + 13712. Give s(22).
-346
Let y(x) = 3*x**3 + 2379*x**2 + 1455*x + 1153813. Give y(-793).
-2
Let o(x) = 678*x - 14941. Give o(22).
-25
Let l(r) = -r**3 + 246*r**2 + 973*r - 48. Determine l(-4).
60
Let v(q) = 3368*q - 53768. Calculate v(16).
120
Let i(j) = -2*j**3 - 22*j**2 + 29*j - 130. Give i(-16).
1966
Let f(z) = 2*z**2 - 12873*z + 243860. Give f(19).
-5
Let n(s) = 419*s - 22534. Determine n(55).
511
Let c(i) = -i**3 - 2*i**2 + 2215*i + 34679. Determine c(-18).
-7
Let p(u) = -32*u**2 - 729*u + 12203. Determine p(-34).
-3
Let c(w) = 3*w**3 - 6*w**2 - 1755*w + 8616. What is c(5)?
66
Let n(s) = 3604*s - 43382. Determine n(12).
-134
Let f(s) = -502*s + 31631. Determine f(63).
5
Let r(l) = -l**2 + 100137*l - 10403444. Calculate r(104).
-12
Let r(o) = o**3 - 498*o**2 - 23196*o - 36240. Determine r(541).
7
Let d(y) = -2*y**3 - 8*y**2 - 12*y - 516. Calculate d(-8).
92
Let m(h) = -14*h**3 - 373*h + 34. What is m(0)?
34
Let a(w) = -14718*w**2 + 88313*w - 46. Calculate a(6).
-16
Let q(i) = 2*i**3 + 88*i**2 - 1135*i - 49936. Calculate q(-44).
4
Let q(d) = -9017*d + 261488. Calculate q(29).
-5
Let s(p) = p**3 - 37*p**2 + 10*p + 289. What is s(38)?
2113
Let m(o) = -37*o**3 + 86*o**2 + 244*o - 8. Give m(-2).
144
Let m(w) = 3*w**3 - 3*w**2 + 107*w + 630. Determine m(-5).
-355
Let v(h) = h**3 - 398*h**2 - 12384*h + 446. Give v(427).
19
Let x(h) = -26*h**3 - h**2 + 36*h - 27. Calculate x(3).
-630
Let n(x) = 6*x**2 + 105*x + 233. What is n(-8)?
-223
Let h(q) = 89*q + 10873. Determine h(-123).
-74
Let l(b) = b**3 - 230*b**2 - 4445*b - 4708. Determine l(248).
4
Let y(b) = -634986*b + 3174878. What is y(5)?
-52
Let m(a) = 132*a - 11099. What is m(78)?
-803
Let v(y) = -y**3 - 30*y**2 - 38*y + 197. Determine v(-28).
-307
Let l(z) = 5*z**3 + 1432*z**2 + 1989*z - 1714. Determine l(-285).
-4
Let o(l) = -194*l - 14837. Give o(-78).
295
Let q(a) = -298*a - 55450. Determine q(-177).
-2704
Let r(g) = -g**2 - 3658192*g - 32923642. What is r(-9)?
5
Let w(j) = 3*j**3 - 18*j**2 - 24254*j + 169732. What is w(7)?
101
Let a(p) = p**3 - 30*p**2 - 23*p - 210. Give a(30).
-900
Let u(p) = 7*p**3 - 144*p**2 + 75*p - 30. Give u(20).
-130
Let j(s) = 1756*s**2 - 595282*s - 679. Determine j(339).
-1
Let j(w) = 5352*w - 21. Give j(0).
-21
Let t(y) = 3*y**2 - 549*y - 3874. Calculate t(190).
116
Let t(u) = 64806*u - 129598. Give t(2).
14
Let h(s) = -9449*s + 17530. Determine h(2).
-1368
Let u(s) = -42*s**3 + 134*s**2 - 12*s - 3. Determine u(3).
33
Let w(t) = 2*t**3 - 46*t**2 + 9*t + 32. Determine w(21).
-1543
Let i(p) = 2*p**2 + 96*p + 336. What is i(-44)?
-16
Let m(v) = -2*v**2 - 2597*v + 85323. What is m(32)?
171
Let i(g) = -g**2 + 84*g - 1758. Determine i(31).
-115
Let l(y) = 117*y - 601. Calculate l(10).
569
Let z(m) = 3*m**2 + 256*m - 34307. Determine z(-158).
137
Let t(u) = -4732*u - 19103. Determine t(-4).
-175
Let x(n) = -56*n - 506. What is x(20)?
-1626
Let u(w) = 2048*w - 84058. Determine u(42).
1958
Let w(n) = -6077893*n - 24311596. Give w(-4).
-24
Let w(z) = 16*z**2 - 3656*z - 24435. Determine w(235).
5
Let u(l) = -l**3 - 22*l**2 + 3226*l + 40262. Determine u(-12).
110
Let k(g) = -37*g**3 + 209*g**2 - 81*g - 25. Calculate k(5).
170
Let k(w) = -w**3 - 15*w**2 + 77198*w + 1618503. Calculate k(-21).
-9
Let i(n) = 85*n + 7989. Determine i(-102).
-681
Let c(j) = 59*j**2 - 16818*j + 1337. Determine c(285).
482
Let u(g) = -16*g**3 + 268*g**2 + 2653*g + 4. Give u(-7).
53
Let l(i) = -1198*i + 118645. Give l(99).
43
Let d(h) = -1381*h + 44177. Give d(32).
-15
Let y(f) = 19*f**2 - 145*f + 395. Calculate y(11).
1099
Let u(h) = -2*h**3 + 15*h**2 + 105*h - 485. What is u(10)?
65
Let m(w) = -191*w + 205. Give m(-5).
1160
Let k(w) = 349*w**2 - 75*w - 5. Determine k(-2).
1541
Let u(q) = 24*q**2 + 969*q - 2917. Determine u(3).
206
Let m(n) = -n**3 + 56*n**2 - 255*n + 99. Determine m(51).
99
Let q(v) = -577*v + 38487. Give q(67).
-172
Let l(c) = -c**2 + 47*c + 1544. Give l(-48).
-3016
Let x(k) = -173*k - 5054. Determine x(-32).
482
Let s(z) = z**3 + 210*z**2 - 1235*z - 341. Give s(6).
25
Let w(b) = -440*b + 10674. Determine w(23).
554
Let g(u) = 72*u + 8436. Determine g(-115).
156
Let c(w) = -10*w**3 + 37*w**2 + 44*w - 141. Give c(4).
-13
Let n(m) = -2216*m + 3091311. What is n(1395)?
-9
Let q(l) = -l**2 + 2014*l - 96287. Give q(49).
-2
Let g(z) = z**2 - 1318*z + 69423. Give g(55).
-42
Let w(p) = 4*p**3 + 209*p**2 - 1019*p - 20. Give w(5).
610
Let f(h) = h**3 - 25*h**2 + 43*h - 272. Give f(24).
184
Let h(j) = 2*j**2 - 624*j + 1817. Calculate h(311).
1195
Let f(z) = -z**3 + 19*z**2 - 62*z + 124. What is f(15)?
94
Let q(a) = -17496*a - 979783. Calculate q(-56).
-7
Let j(h) = 3*h**3 - 301*h**2 - 1709*h - 9862. Determine j(106).
-4
Let m(l) = -5*l**2 + 19*l - 1072. Calculate m(29).
-4726
Let f(g) = 878*g - 81895. Give f(95).
1515
Let h(j) = 4*j**2 - 3735*j - 18672. What is h(-5)?
103
Let j(l) = -32814*l + 918800. What is j(28)?
8
Let t(x) = x**3 + 31*x**2 + 186*x + 127. Calculate t(-7).
1
Let a(z) = 256*z - 2900. Calculate a(12).
172
Let r(c) = -242*c**2 - 36537*c + 737. Calculate r(-151).
-18
Let h(l) = -4*l**2 + 164*l - 1084. What is h(33)?
-28
Let g(b) = -6413*b - 160056. Calculate g(-25).
269
Let z(q) = -1604*q + 226851. Determine z(142).
-917
Let h(f) = -f**3 + 14*f**2 + 496*f + 64. What is h(32)?
-2496
Let u(j) = 1095355*j - 8762841. What is u(8)?
-1
Let p(s) = 30*s**2 + 3886*s + 11394. Determine p(-3).
6
Let y(p) = -1216*p + 3893. Give y(3).
245
Let s(d) = -d**2 - 6208*d - 3364714. Determine s(-600).
86
Let m(a) = -4*a**3 + 65*a**2 - 260. What is m(16)?
-4
Let k(q) = 4*q**2 + 47*q - 3679. Give k(-35).
-424
Let q(w) = 463*w - 52570. Determine q(114).
212
Let q(i) = -26*i**2 - 228*i - 1212. Give q(-10).
-1532
Let f(j) = -3*j**2 - 212*j - 3638. Give f(-41).
11
Let p(k) = -2*k**2 + 130*k - 627. What is p(5)?
-27
Let b(t) = -128*t**3 + 85887*t**2 + 672*t - 670. What is b(671)?
1
Let x(r) = -r**2 + 9254*r + 916501. Give x(-98).
5
Let a(v) = -23*v**2 - v - 34. Calculate a(0).
-34
Let a(l) = l**3 + 5*l**2 - 192*l - 1630. Determine a(-9).
-226
Let h(w) = -390341*w + 11710230. Give h(30).
0
Let u(x) = -x**2 - 4061*x + 36512. Determine u(9).
-118
Let f(p) = -p**3 - 56*p**2 - 99*p - 1933. Calculate f(-55).
487
Let j(x) = -47*x + 349. What is j(15)?
-356
Let j(x) = -x**2 + 1006*x + 24768. Give j(-24).
48
Let v(u) = -43107*u - 991446. Determine v(-23).
15
Let l(b) = -6*b**2 - 673*b + 65995. What is l(-175)?
20
Let n(t) = 111897*t + 447595. Determine n(-4).
7
Let m(q) = q**3 + 299*q**2 + 1256*q + 2